{"id":437,"date":"2023-12-14T22:53:56","date_gmt":"2023-12-14T15:53:56","guid":{"rendered":"https:\/\/biowatertlp.com\/?page_id=437"},"modified":"2024-01-08T20:16:24","modified_gmt":"2024-01-08T13:16:24","slug":"bio-air-e","status":"publish","type":"page","link":"https:\/\/biowatertlp.com\/?page_id=437","title":{"rendered":"Bio Air E"},"content":{"rendered":"\n<p class=\"has-text-align-center has-vivid-green-cyan-color has-text-color has-link-color has-medium-font-size wp-elements-84671b54749a24d781750d98cdf05abf\"><strong>Vi sinh kh\u1eed m\u00f9i Bio Air E \u0111\u01b0\u1ee3c ph\u00e2n l\u1eadp \u0111\u1ec3 kh\u1eed m\u00f9i do qu\u00e1 tr\u00ecnh ph\u00e2n h\u1ee7y Protein, h\u1eefu c\u01a1, tinh b\u1ed9t, \u1ee9ng d\u1ee5ng trong c\u00f4ng ngh\u1ec7 x\u1eed l\u00fd m\u00f9i: r\u00e1c th\u1ea3i, th\u1ee7y s\u1ea3n, cao su, tinh b\u1ed9t, thu\u1ed9c da, ch\u0103n nu\u00f4i, s\u1ea3n xu\u1ea5t gi\u1ea5y&#8230;<\/strong><\/p>\n\n\n\n<ol class=\"wp-block-list\">\n<li><strong>Th\u00e0nhph\u1ea7n<\/strong>\n<ul class=\"wp-block-list\">\n<li>Bacillus spp\u2026\u2026\u2026\u2026\u2026\u2026\u2026\u2026\u2026\u2026\u2026\u2026\u2026\u2026..\u2265 10<sup>8<\/sup>&nbsp;CFU\/Kg<\/li>\n\n\n\n<li>Vi n\u1ea5m (n\u1ea5m m\u1ed1c\/n\u1ea5m men)\u2026\u2026\u2026\u2026\u2026\u2026\u2265 10<sup>8<\/sup>&nbsp;CFU\/Kg<\/li>\n\n\n\n<li>Vi khu\u1ea9n quang d\u01b0\u1ee1ng \u2026\u2026\u2026\u2026\u2026\u2026\u2026\u2026\u2026\u2265 10<sup>8<\/sup>&nbsp;CFU\/Kg<\/li>\n<\/ul>\n<\/li>\n\n\n\n<li><strong>Hi\u1ec7uqu\u1ea3<\/strong>\n<ul class=\"wp-block-list\">\n<li>X\u1eed l\u00fd t\u1ed1i \u0111a m\u00f9i h\u00f4i th\u1ed1i<\/li>\n\n\n\n<li>Vi sinh ch\u1ecbu \u0111\u01b0\u1ee3c \u0111i\u1ec1u ki\u1ec7n kh\u1eafc nghi\u1ec7t.<\/li>\n\n\n\n<li>Kh\u1eed m\u00f9i hi\u1ec7u qu\u1ea3 c\u00e1c ngu\u1ed3n \u00f4 nhi\u1ec5m n\u1eb7ng.<\/li>\n\n\n\n<li>Gi\u1ea3m \u1ea5u tr\u00f9ng g\u00e2y b\u1ec7nh c\u00f3 h\u1ea1i.<\/li>\n\n\n\n<li>Ph\u00e2n gi\u1ea3i nhanh kh\u00ed H2S, SO2; NH3.<\/li>\n<\/ul>\n<\/li>\n\n\n\n<li><strong>H\u01b0\u1edbng d\u1eabn s\u1eed d\u1ee5ng<\/strong>\n<ul class=\"wp-block-list\">\n<li>Pha 1-2kg&nbsp;<strong><em>vi sinh kh\u1eed m\u00f9i<\/em><\/strong><strong><em> Bio Air E <\/em><\/strong>&nbsp;trong 100L n\u01b0\u1edbc s\u1ea1ch phun \u01b0\u1edbt \u0111\u1ec1u l\u00ean ch\u1ea5t th\u1ea3i. <\/li>\n\n\n\n<li>T\u00f9y thu\u1ed9c v\u00e0o l\u01b0\u1ee3ng ch\u1ea5t th\u1ea3i v\u00e0 m\u1ee9c \u0111\u1ed9 \u00f4 nhi\u1ec5m c\u00f3 th\u1ec3 t\u0103ng hay gi\u1ea3m l\u01b0\u1ee3ng ch\u1ebf ph\u1ea9m vi sinh c\u1ea7n s\u1eed d\u1ee5ng.<\/li>\n<\/ul>\n<\/li>\n\n\n\n<li><strong>B\u1ea3o qu\u1ea3n<\/strong>\n<ul class=\"wp-block-list\">\n<li>\u0110\u1ec3 n\u01a1i kh\u00f4 r\u00e1o, tho\u00e1ng m\u00e1t, tr\u00e1nh \u00e1nh s\u00e1ng tr\u1ef1c ti\u1ebfp<\/li>\n\n\n\n<li>H\u1ea1n s\u1eed d\u1ee5ng: 12 th\u00e1ng<\/li>\n<\/ul>\n<\/li>\n<\/ol>\n\n\n<div class=\"wp-block-image\">\n<figure class=\"aligncenter size-large is-resized\"><img loading=\"lazy\" decoding=\"async\" width=\"768\" height=\"1024\" src=\"https:\/\/biowatertlp.com\/wp-content\/uploads\/2024\/01\/387878527_1369384220597552_1590346217334920784_n-768x1024.jpg\" alt=\"\" class=\"wp-image-627\" style=\"width:340px\" srcset=\"https:\/\/biowatertlp.com\/wp-content\/uploads\/2024\/01\/387878527_1369384220597552_1590346217334920784_n-768x1024.jpg 768w, https:\/\/biowatertlp.com\/wp-content\/uploads\/2024\/01\/387878527_1369384220597552_1590346217334920784_n-225x300.jpg 225w, https:\/\/biowatertlp.com\/wp-content\/uploads\/2024\/01\/387878527_1369384220597552_1590346217334920784_n-1152x1536.jpg 1152w, https:\/\/biowatertlp.com\/wp-content\/uploads\/2024\/01\/387878527_1369384220597552_1590346217334920784_n-45x60.jpg 45w, https:\/\/biowatertlp.com\/wp-content\/uploads\/2024\/01\/387878527_1369384220597552_1590346217334920784_n.jpg 1512w\" sizes=\"auto, (max-width: 768px) 100vw, 768px\" \/><\/figure><\/div>\n\n\n<div class=\"wp-block-columns is-layout-flex wp-container-core-columns-is-layout-1 wp-block-columns-is-layout-flex\">\n<div class=\"wp-block-column is-vertically-aligned-center has-luminous-vivid-orange-color has-light-green-cyan-background-color has-text-color has-background has-link-color has-medium-font-size wp-elements-439457736b4b7d85010570dc8676e021 is-layout-flow wp-block-column-is-layout-flow\">\n<p class=\"has-text-align-center\"><strong>\u0110\u1eb6T H\u00c0NG<\/strong><\/p>\n<\/div>\n\n\n\n<div class=\"wp-block-column has-luminous-vivid-orange-color has-light-green-cyan-background-color has-text-color has-background has-link-color has-medium-font-size wp-elements-e23dd846d54340d48c93f019911ae256 is-layout-flow wp-block-column-is-layout-flow\">\n<p class=\"has-text-align-center\"><strong>LI\u00caN H\u1ec6<\/strong><\/p>\n<\/div>\n<\/div>\n","protected":false},"excerpt":{"rendered":"<p>Vi sinh kh\u1eed m\u00f9i Bio Air E \u0111\u01b0\u1ee3c ph\u00e2n l\u1eadp \u0111\u1ec3 kh\u1eed m\u00f9i do qu\u00e1 tr\u00ecnh ph\u00e2n h\u1ee7y Protein, h\u1eefu c\u01a1, tinh b\u1ed9t, \u1ee9ng d\u1ee5ng trong c\u00f4ng ngh\u1ec7 x\u1eed l\u00fd m\u00f9i: r\u00e1c th\u1ea3i, th\u1ee7y s\u1ea3n, cao su, tinh b\u1ed9t, thu\u1ed9c da, ch\u0103n nu\u00f4i, s\u1ea3n xu\u1ea5t gi\u1ea5y&#8230; \u0110\u1eb6T H\u00c0NG LI\u00caN H\u1ec6<\/p>\n","protected":false},"author":1,"featured_media":0,"parent":0,"menu_order":0,"comment_status":"closed","ping_status":"closed","template":"","meta":{"footnotes":""},"class_list":["post-437","page","type-page","status-publish","hentry"],"_links":{"self":[{"href":"https:\/\/biowatertlp.com\/index.php?rest_route=\/wp\/v2\/pages\/437","targetHints":{"allow":["GET"]}}],"collection":[{"href":"https:\/\/biowatertlp.com\/index.php?rest_route=\/wp\/v2\/pages"}],"about":[{"href":"https:\/\/biowatertlp.com\/index.php?rest_route=\/wp\/v2\/types\/page"}],"author":[{"embeddable":true,"href":"https:\/\/biowatertlp.com\/index.php?rest_route=\/wp\/v2\/users\/1"}],"replies":[{"embeddable":true,"href":"https:\/\/biowatertlp.com\/index.php?rest_route=%2Fwp%2Fv2%2Fcomments&post=437"}],"version-history":[{"count":13,"href":"https:\/\/biowatertlp.com\/index.php?rest_route=\/wp\/v2\/pages\/437\/revisions"}],"predecessor-version":[{"id":666,"href":"https:\/\/biowatertlp.com\/index.php?rest_route=\/wp\/v2\/pages\/437\/revisions\/666"}],"wp:attachment":[{"href":"https:\/\/biowatertlp.com\/index.php?rest_route=%2Fwp%2Fv2%2Fmedia&parent=437"}],"curies":[{"name":"wp","href":"https:\/\/api.w.org\/{rel}","templated":true}]}}